{"id":14,"date":"2019-12-29T10:25:19","date_gmt":"2019-12-29T09:25:19","guid":{"rendered":"https:\/\/www.prewencja.ptkardio.pl\/?page_id=14"},"modified":"2025-10-27T14:31:28","modified_gmt":"2025-10-27T13:31:28","slug":"konferencja-sekcji","status":"publish","type":"page","link":"https:\/\/prewencja.ptkardio.pl\/?page_id=14","title":{"rendered":"Konferencja Sekcji"},"content":{"rendered":"\n<p>Szanowni Pa\u0144stwo!<\/p>\n\n\n\n<p>Mamy przyjemno\u015b\u0107 zaprosi\u0107 Pa\u0144stwa do wzi\u0119cia udzia\u0142u w XVIII Konferencji Naukowej Sekcji Prewencji i Epidemiologii Polskiego Towarzystwa Kardiologicznego \u201eKardiologia Prewencyjna 2025 \u2013 wytyczne, w\u0105tpliwo\u015bci, gor\u0105ce tematy\u201d, kt\u00f3ra odb\u0119dzie si\u0119 w Krakowie, w dniach 21-22 listopada 2025 r. Zach\u0119camy do rejestracji: <a href=\"https:\/\/kardiologiaprewencyjna.eu\/page\/register\">https:\/\/kardiologiaprewencyjna.eu\/page\/register<\/a><\/p>\n\n\n\n<figure class=\"wp-block-image size-large\"><img loading=\"lazy\" decoding=\"async\" width=\"1024\" height=\"576\" src=\"https:\/\/prewencja.ptkardio.pl\/wp-content\/uploads\/2025\/10\/1-KP2025-baner_1920x1080-1-1024x576.jpg\" alt=\"Kardiologia Prewencyjna 2025\" class=\"wp-image-777\" srcset=\"https:\/\/prewencja.ptkardio.pl\/wp-content\/uploads\/2025\/10\/1-KP2025-baner_1920x1080-1-1024x576.jpg 1024w, https:\/\/prewencja.ptkardio.pl\/wp-content\/uploads\/2025\/10\/1-KP2025-baner_1920x1080-1-300x169.jpg 300w, https:\/\/prewencja.ptkardio.pl\/wp-content\/uploads\/2025\/10\/1-KP2025-baner_1920x1080-1-768x432.jpg 768w, https:\/\/prewencja.ptkardio.pl\/wp-content\/uploads\/2025\/10\/1-KP2025-baner_1920x1080-1-1536x864.jpg 1536w, https:\/\/prewencja.ptkardio.pl\/wp-content\/uploads\/2025\/10\/1-KP2025-baner_1920x1080-1-480x270.jpg 480w, https:\/\/prewencja.ptkardio.pl\/wp-content\/uploads\/2025\/10\/1-KP2025-baner_1920x1080-1.jpg 1920w\" sizes=\"auto, (max-width: 1024px) 100vw, 1024px\" \/><\/figure>\n\n\n\n<p><\/p>\n","protected":false},"excerpt":{"rendered":"<p>Szanowni Pa\u0144stwo! Mamy przyjemno\u015b\u0107 zaprosi\u0107 Pa\u0144stwa do wzi\u0119cia udzia\u0142u w XVIII Konferencji Naukowej Sekcji Prewencji i Epidemiologii Polskiego Towarzystwa Kardiologicznego [&hellip;]<\/p>\n","protected":false},"author":1,"featured_media":0,"parent":0,"menu_order":0,"comment_status":"closed","ping_status":"closed","template":"","meta":{"footnotes":""},"class_list":["post-14","page","type-page","status-publish","hentry"],"_links":{"self":[{"href":"https:\/\/prewencja.ptkardio.pl\/index.php?rest_route=\/wp\/v2\/pages\/14","targetHints":{"allow":["GET"]}}],"collection":[{"href":"https:\/\/prewencja.ptkardio.pl\/index.php?rest_route=\/wp\/v2\/pages"}],"about":[{"href":"https:\/\/prewencja.ptkardio.pl\/index.php?rest_route=\/wp\/v2\/types\/page"}],"author":[{"embeddable":true,"href":"https:\/\/prewencja.ptkardio.pl\/index.php?rest_route=\/wp\/v2\/users\/1"}],"replies":[{"embeddable":true,"href":"https:\/\/prewencja.ptkardio.pl\/index.php?rest_route=%2Fwp%2Fv2%2Fcomments&post=14"}],"version-history":[{"count":16,"href":"https:\/\/prewencja.ptkardio.pl\/index.php?rest_route=\/wp\/v2\/pages\/14\/revisions"}],"predecessor-version":[{"id":782,"href":"https:\/\/prewencja.ptkardio.pl\/index.php?rest_route=\/wp\/v2\/pages\/14\/revisions\/782"}],"wp:attachment":[{"href":"https:\/\/prewencja.ptkardio.pl\/index.php?rest_route=%2Fwp%2Fv2%2Fmedia&parent=14"}],"curies":[{"name":"wp","href":"https:\/\/api.w.org\/{rel}","templated":true}]}}