{"id":16,"date":"2019-12-29T10:25:20","date_gmt":"2019-12-29T09:25:20","guid":{"rendered":"https:\/\/www.prewencja.ptkardio.pl\/?page_id=16"},"modified":"2025-05-29T17:01:11","modified_gmt":"2025-05-29T15:01:11","slug":"nagrody-sekcji","status":"publish","type":"page","link":"https:\/\/prewencja.ptkardio.pl\/?page_id=16","title":{"rendered":"Nagrody Sekcji"},"content":{"rendered":"\n<h2 class=\"wp-block-heading has-text-align-center\">Nagroda im. Prof. Stefana Rywika<\/h2>\n\n\n<div class=\"wp-block-image\">\n<figure class=\"aligncenter size-large\"><img loading=\"lazy\" decoding=\"async\" width=\"221\" height=\"225\" src=\"https:\/\/www.prewencja.ptkardio.pl\/wp-content\/uploads\/2019\/12\/prof-rywik1.png\" alt=\"\" class=\"wp-image-78\"\/><figcaption class=\"wp-element-caption\">Prof. Stefan Rywik<\/figcaption><\/figure><\/div>\n\n\n<p class=\"has-text-align-center\">Stefan Rywik (ur. w 1931, zm. 22 wrze\u015bnia 2013) \u2013 polski lekarz, prof. dr hab. n. med., specjalista w zakresie epidemiologii kardiologicznej, pracownik IV Kliniki Chor\u00f3b Wewn\u0119trznych Akademii Medycznej w Warszawie i Instytutu Kardiologii im. Prymasa Tysi\u0105clecia Stefana Kardyna\u0142a Wyszy\u0144skiego, zast\u0119pca dyrektora do spraw naukowych i cz\u0142onek rady naukowej Instytutu \u017bywno\u015bci i \u017bywienia, cz\u0142onek zarz\u0105du Polskiego Naukowego Towarzystwa Oty\u0142o\u015bci i Przemiany Materii.<br> Drzewo genealogiczne przedstawicieli Warszawskiej Akademickiej Szko\u0142y Kardiologii wywodz\u0105cej si\u0119 od prof. Zdzis\u0142awa Askanasa, do kt\u00f3rej nale\u017ca\u0142 prof. Stefan Rywik. Stopie\u0144 naukowy doktora uzyska\u0142 pod kierunkiem prof. Zdzis\u0142awa Askanasa. By\u0142 cz\u0142onkiem w\u0142adz Polskiego Towarzystwa Kardiologicznego. <\/p>\n\n\n\n<h2 class=\"wp-block-heading has-text-align-center\">Laureaci Nagrody<\/h2>\n\n\n\n<p><\/p>\n\n\n\n<figure class=\"wp-block-gallery has-nested-images columns-default is-cropped wp-block-gallery-1 is-layout-flex wp-block-gallery-is-layout-flex\">\n<figure class=\"wp-block-image size-large\"><img loading=\"lazy\" decoding=\"async\" width=\"704\" height=\"1024\" data-id=\"751\" src=\"https:\/\/prewencja.ptkardio.pl\/wp-content\/uploads\/2025\/05\/A7N07968-kopia-704x1024.jpg\" alt=\"\" class=\"wp-image-751\" srcset=\"https:\/\/prewencja.ptkardio.pl\/wp-content\/uploads\/2025\/05\/A7N07968-kopia-704x1024.jpg 704w, https:\/\/prewencja.ptkardio.pl\/wp-content\/uploads\/2025\/05\/A7N07968-kopia-206x300.jpg 206w, https:\/\/prewencja.ptkardio.pl\/wp-content\/uploads\/2025\/05\/A7N07968-kopia-768x1117.jpg 768w, https:\/\/prewencja.ptkardio.pl\/wp-content\/uploads\/2025\/05\/A7N07968-kopia-1056x1536.jpg 1056w, https:\/\/prewencja.ptkardio.pl\/wp-content\/uploads\/2025\/05\/A7N07968-kopia-1408x2048.jpg 1408w, https:\/\/prewencja.ptkardio.pl\/wp-content\/uploads\/2025\/05\/A7N07968-kopia-480x698.jpg 480w, https:\/\/prewencja.ptkardio.pl\/wp-content\/uploads\/2025\/05\/A7N07968-kopia-scaled.jpg 1760w\" sizes=\"auto, (max-width: 704px) 100vw, 704px\" \/><\/figure>\n<\/figure>\n\n\n\n<p class=\"has-text-align-center\"><strong>Laureat Nagrody w roku 2024 <br>Profesor Tomasz Zdrojewski<\/strong><\/p>\n\n\n<div class=\"wp-block-image\">\n<figure class=\"aligncenter size-full is-resized\"><img loading=\"lazy\" decoding=\"async\" width=\"513\" height=\"387\" src=\"https:\/\/prewencja.ptkardio.pl\/wp-content\/uploads\/2025\/05\/DSC_08786-1024x892-kopia.jpg\" alt=\"\" class=\"wp-image-750\" style=\"width:401px;height:auto\" srcset=\"https:\/\/prewencja.ptkardio.pl\/wp-content\/uploads\/2025\/05\/DSC_08786-1024x892-kopia.jpg 513w, https:\/\/prewencja.ptkardio.pl\/wp-content\/uploads\/2025\/05\/DSC_08786-1024x892-kopia-300x226.jpg 300w, https:\/\/prewencja.ptkardio.pl\/wp-content\/uploads\/2025\/05\/DSC_08786-1024x892-kopia-480x362.jpg 480w\" sizes=\"auto, (max-width: 513px) 100vw, 513px\" \/><figcaption class=\"wp-element-caption\">Laureat Nagrody w roku 2023 <br>Profesor Tomasz Kostka <\/figcaption><\/figure><\/div>\n\n<div class=\"wp-block-image\">\n<figure class=\"aligncenter size-full is-resized\"><img loading=\"lazy\" decoding=\"async\" width=\"161\" height=\"313\" src=\"https:\/\/www.prewencja.ptkardio.pl\/wp-content\/uploads\/2021\/12\/w-drygas.jpg\" alt=\"\" class=\"wp-image-650\" style=\"width:214px;height:418px\" srcset=\"https:\/\/prewencja.ptkardio.pl\/wp-content\/uploads\/2021\/12\/w-drygas.jpg 161w, https:\/\/prewencja.ptkardio.pl\/wp-content\/uploads\/2021\/12\/w-drygas-154x300.jpg 154w\" sizes=\"auto, (max-width: 161px) 100vw, 161px\" \/><figcaption class=\"wp-element-caption\">                                                                                       Laureat Nagrody w roku 2021                                                                                                                                                                                         Prof. W. Drygas<\/figcaption><\/figure><\/div>\n\n\n<p><\/p>\n\n\n<div class=\"wp-block-image\">\n<figure class=\"aligncenter size-large is-resized\"><img loading=\"lazy\" decoding=\"async\" width=\"683\" height=\"1024\" src=\"https:\/\/www.prewencja.ptkardio.pl\/wp-content\/uploads\/2019\/12\/PZH_sesja_szare16-683x1024.jpg\" alt=\"\" class=\"wp-image-46\" style=\"width:210px;height:314px\"\/><figcaption class=\"wp-element-caption\"> Laureat Nagrody w roku 2019<br>Prof. B. Wojtyniak <\/figcaption><\/figure><\/div>\n\n\n<h2 class=\"wp-block-heading\"> <\/h2>\n\n\n\n<h2 class=\"wp-block-heading\"> <\/h2>\n\n\n<div class=\"wp-block-image\">\n<figure class=\"aligncenter size-large is-resized\"><img loading=\"lazy\" decoding=\"async\" width=\"915\" height=\"598\" src=\"https:\/\/www.prewencja.ptkardio.pl\/wp-content\/uploads\/2019\/12\/kowalczyk.jpg\" alt=\"\" class=\"wp-image-53\" style=\"width:319px;height:208px\"\/><figcaption class=\"wp-element-caption\">  Laureat Nagrody w roku 2018<br>Dr J. Kowalczyk <\/figcaption><\/figure><\/div>\n\n<div class=\"wp-block-image\">\n<figure class=\"aligncenter size-large is-resized\"><img loading=\"lazy\" decoding=\"async\" width=\"1280\" height=\"720\" src=\"https:\/\/www.prewencja.ptkardio.pl\/wp-content\/uploads\/2019\/12\/prof-Cybulska-interna2017.jpg\" alt=\"\" class=\"wp-image-57\" style=\"width:338px;height:189px\"\/><figcaption class=\"wp-element-caption\"> Laureat Nagrody w roku 2017<br>Prof B. Cybulska<\/figcaption><\/figure><\/div>\n\n<div class=\"wp-block-image\">\n<figure class=\"aligncenter size-large is-resized\"><img loading=\"lazy\" decoding=\"async\" width=\"268\" height=\"300\" src=\"https:\/\/www.prewencja.ptkardio.pl\/wp-content\/uploads\/2019\/12\/podolec.jpg\" alt=\"\" class=\"wp-image-64\" style=\"width:200px;height:224px\"\/><figcaption class=\"wp-element-caption\"> Laureat Nagrody w roku 2016<br>Prof P. Podolec<\/figcaption><\/figure><\/div>\n\n<div class=\"wp-block-image\">\n<figure class=\"aligncenter size-large is-resized\"><img loading=\"lazy\" decoding=\"async\" width=\"200\" height=\"200\" src=\"https:\/\/www.prewencja.ptkardio.pl\/wp-content\/uploads\/2019\/12\/zatonski.jpg\" alt=\"\" class=\"wp-image-66\" style=\"width:198px;height:198px\"\/><figcaption class=\"wp-element-caption\"> Laureat Nagrody w roku 2015<br>Prof W. Zato\u0144ski<\/figcaption><\/figure><\/div>\n\n<div class=\"wp-block-image\">\n<figure class=\"aligncenter size-large is-resized\"><img loading=\"lazy\" decoding=\"async\" width=\"428\" height=\"640\" src=\"https:\/\/www.prewencja.ptkardio.pl\/wp-content\/uploads\/2019\/12\/Grzegorz-Opolski.jpg\" alt=\"\" class=\"wp-image-70\" style=\"width:200px;height:299px\"\/><figcaption class=\"wp-element-caption\"> Laureat Nagrody w roku 2014<br>Prof G. Opolski<\/figcaption><\/figure><\/div>","protected":false},"excerpt":{"rendered":"<p>Nagroda im. Prof. Stefana Rywika Stefan Rywik (ur. w 1931, zm. 22 wrze\u015bnia 2013) \u2013 polski lekarz, prof. dr hab. [&hellip;]<\/p>\n","protected":false},"author":1,"featured_media":0,"parent":0,"menu_order":0,"comment_status":"closed","ping_status":"closed","template":"","meta":{"footnotes":""},"class_list":["post-16","page","type-page","status-publish","hentry"],"_links":{"self":[{"href":"https:\/\/prewencja.ptkardio.pl\/index.php?rest_route=\/wp\/v2\/pages\/16","targetHints":{"allow":["GET"]}}],"collection":[{"href":"https:\/\/prewencja.ptkardio.pl\/index.php?rest_route=\/wp\/v2\/pages"}],"about":[{"href":"https:\/\/prewencja.ptkardio.pl\/index.php?rest_route=\/wp\/v2\/types\/page"}],"author":[{"embeddable":true,"href":"https:\/\/prewencja.ptkardio.pl\/index.php?rest_route=\/wp\/v2\/users\/1"}],"replies":[{"embeddable":true,"href":"https:\/\/prewencja.ptkardio.pl\/index.php?rest_route=%2Fwp%2Fv2%2Fcomments&post=16"}],"version-history":[{"count":28,"href":"https:\/\/prewencja.ptkardio.pl\/index.php?rest_route=\/wp\/v2\/pages\/16\/revisions"}],"predecessor-version":[{"id":752,"href":"https:\/\/prewencja.ptkardio.pl\/index.php?rest_route=\/wp\/v2\/pages\/16\/revisions\/752"}],"wp:attachment":[{"href":"https:\/\/prewencja.ptkardio.pl\/index.php?rest_route=%2Fwp%2Fv2%2Fmedia&parent=16"}],"curies":[{"name":"wp","href":"https:\/\/api.w.org\/{rel}","templated":true}]}}